7?
129457877
What are the prime factors of 3905160?
2, 3, 5, 7, 4649
List the prime factors of 1670737012.
2, 7, 47, 1033, 1229
List the prime factors of 80941397.
1129, 71693
List the prime factors of 20082449.
19, 1056971
List the prime factors of 87494097.
3, 97, 300667
What are the prime factors of 1678832539?
1678832539
What are the prime factors of 424312309?
163, 2603143
List the prime factors of 701711902.
2, 350855951
List the prime factors of 858831120.
2, 3, 5, 7, 79, 719
List the prime factors of 239660156.
2, 43, 1393373
List the prime factors of 621982770.
2, 3, 5, 20732759
What are the prime factors of 1019702474?
2, 7, 61, 1194031
What are the prime factors of 231545627?
17, 509, 26759
List the prime factors of 2564107405.
5, 41, 53, 235997
List the prime factors of 36703720.
2, 5, 917593
What are the prime factors of 102408304?
2, 37, 172987
What are the prime factors of 2816222137?
2816222137
What are the prime factors of 5021551339?
7, 79, 9080563
What are the prime factors of 115967664?
2, 3, 805331
List the prime factors of 330773652.
2, 3, 11, 29, 9601
List the prime factors of 945379589.
7, 11, 1753951
What are the prime factors of 1574524414?
2, 19, 151, 274403
What are the prime factors of 442291352?
2, 55286419
What are the prime factors of 66427532?
2, 2131, 7793
What are the prime factors of 3321449771?
31, 107143541
List the prime factors of 132879726.
2, 3, 7, 311, 3391
What are the prime factors of 386896689?
3, 59, 242873
List the prime factors of 3290597592.
2, 3, 911, 150503
List the prime factors of 119301069.
3, 23, 1729001
What are the prime factors of 42298584?
2, 3, 17, 43, 2411
List the prime factors of 627004179.
3, 23222377
List the prime factors of 51333927.
3, 41, 149, 2801
What are the prime factors of 557076575?
5, 11, 2025733
What are the prime factors of 354360578?
2, 11, 13, 1239023
List the prime factors of 224493252.
2, 3, 18707771
List the prime factors of 27873083.
7, 3981869
List the prime factors of 564465411.
3, 62718379
What are the prime factors of 106973049?
3, 157, 383, 593
What are the prime factors of 525326657?
43, 71, 172069
What are the prime factors of 1094201126?
2, 23, 173, 359, 383
What are the prime factors of 4916756377?
13, 2237941
List the prime factors of 925856977.
9059, 102203
What are the prime factors of 156344056?
2, 11, 1776637
What are the prime factors of 17153608?
2, 67, 32003
List the prime factors of 9817223.
13, 755171
List the prime factors of 734934239.
13, 6047, 9349
List the prime factors of 4003558994.
2, 1879, 1065343
What are the prime factors of 1575027738?
2, 3, 1381, 63361
List the prime factors of 1713499073.
11, 13, 11982511
What are the prime factors of 936557181?
3, 7, 4955329
What are the prime factors of 127182790?
2, 5, 7, 73, 24889
List the prime factors of 1790533164.
2, 3, 7, 23, 926777
List the prime factors of 22992588.
2, 3, 47, 107, 127
What are the prime factors of 1450564652?
2, 19, 19086377
What are the prime factors of 153321263?
41, 107, 34949
List the prime factors of 730474336.
2, 22827323
What are the prime factors of 472068586?
2, 11, 167, 128489
List the prime factors of 132433618.
2, 66216809
List the prime factors of 74558155.
5, 7, 347, 877
What are the prime factors of 431850059?
431850059
What are the prime factors of 279727993?
373, 749941
What are the prime factors of 5993802?
2, 3, 332989
What are the prime factors of 95118666?
2, 3, 29, 43, 12713
What are the prime factors of 2399520834?
2, 3, 53, 5273
What are the prime factors of 71739116?
2, 17, 23, 45869
List the prime factors of 39090922.
2, 13, 17, 59, 1499
List the prime factors of 561455231.
23, 24411097
What are the prime factors of 34284697?
23, 1490639
List the prime factors of 7845016443.
3, 11, 277, 858223
List the prime factors of 33311113.
11, 101, 29983
What are the prime factors of 1513065828?
2, 3, 79, 1596061
List the prime factors of 97587485.
5, 19517497
List the prime factors of 626934622.
2, 113, 2774047
What are the prime factors of 501967735?
5, 100393547
What are the prime factors of 31913365?
5, 11, 331, 1753
List the prime factors of 1003135314.
2, 3, 167189219
What are the prime factors of 3095475413?
17, 47, 109, 35543
What are the prime factors of 1160778651?
3, 23, 2897, 5807
List the prime factors of 202972736.
2, 3171449
What are the prime factors of 801455334?
2, 3, 367, 363967
What are the prime factors of 140579530?
2, 5, 7, 13, 29, 761
List the prime factors of 367220221.
181, 2028841
List the prime factors of 41298234.
2, 3, 41, 167879
What are the prime factors of 35378415?
3, 5, 659, 1193
List the prime factors of 1612170340.
2, 5, 11, 827, 8861
What are the prime factors of 204391763?
204391763
What are the prime factors of 1894434133?
787, 2407159
List the prime factors of 3834549243.
3, 7, 61, 142543
What are the prime factors of 44420216?
2, 1009, 5503
List the prime factors of 51144489.
3, 11, 516611
What are the prime factors of 197934296?
2, 7, 47, 157, 479
What are the prime factors of 25288359?
3, 8429453
List the prime factors of 845124722.
2, 13, 97, 149, 173
What are the prime factors of 2313342732?
2, 3, 71, 2715191
What are the prime factors of 680150695?
5, 7, 19, 31, 32993
List the prime factors of 70511476.
2, 7, 2518267
What are the prime factors of 1061931697?
1061931697
List the prime factors of 94873139.
41, 67, 34537
List the prime factors of 233567703.
3, 19, 167, 8179
What are the prime factors of 146554632?
2, 3, 7, 29, 37, 271
List the prime factors of 618635606.
2, 309317803
List the prime factors of 3897446432.
2, 11, 11072291
What are the prime factors of 4874103921?
3, 29, 71, 313, 2521
List the prime factors of 280309414.
2, 7, 11, 109, 16699
List the prime factors of 922288918.
2, 19, 1297, 18713
List the prime factors of 1531429436.
2, 607, 630737
What are the prime factors of 74176954?
2, 29, 41, 31193
List the prime factors of 207418056.
2, 3, 61, 141679
List the prime factors of 94844963.
137, 692299
List the prime factors of 492495524.
2, 123123881
List the prime factors of 32479744.
2, 11, 73, 79
List the prime factors of 1724337874.
2, 7, 61, 2019131
What are the prime factors of 151367157?
3, 5606191
What are the prime factors of 2211658015?
5, 7, 5743, 11003
What are the prime factors of 80294558?
2, 40147279
What are the prime factors of 757903798?
2, 101, 233, 16103
List the prime factors of 284445692.
2, 23, 47, 157, 419
List the prime factors of 140958130.
2, 5, 14095813
What are the prime factors of 90440572?
2, 193, 607
What are the prime factors of 1183606343?
1129, 1048367
List the prime factors of 32964896.
2, 1030153
List the prime factors of 5714255299.
71, 80482469
What are the prime factors of 255848899?
10859, 23561
What are the prime factors of 77690988?
2, 3, 83, 107
List the prime factors of 256687676.
2, 7, 1309631
List the prime factors of 1999235885.
5, 14449, 27673
List the prime factors of 20461023.
3, 11, 31, 59, 113
What are the prime factors of 2701856898?
2, 3, 13, 1282933
What are the prime factors of 447245372?
2, 7, 101, 167, 947
What are the prime factors of 6519638631?
3, 11, 1632767
List the prime factors of 50069163.
3, 227, 73523
What are the prime factors of 3745457964?
2, 3, 167, 622997
List the prime factors of 5721551548.
2, 19, 83, 907031
List the prime factors of 282293467.
23, 12273629
List the prime factors of 57019338.
2, 3, 3167741
List the prime factors of 599532456.
2, 3, 127, 239, 823
What are the prime factors of 129345590?
2, 5, 11, 271, 4339
List the prime factors of 2828833635.
3, 5, 919, 205211
What are the prime factors of 5408256584?
2, 61, 277, 40009
What are the prime factors of 126161527?
37, 43, 179, 443
List the prime factors of 195055578.
2, 3, 10836421
What are the prime factors of 84241742?
2, 13, 107, 283
List the prime factors of 634076225.
5, 25363049
What are the prime factors of 104863966?
2, 191, 223, 1231
What are the prime factors of 374671857?
3, 7, 17, 43, 24407
List the prime factors of 47107364.
2, 37, 71, 4483
What are the prime factors of 181761159?
3, 41, 599, 2467
List the prime factors of 547413375.
3, 5, 397, 3677
List the prime factors of 1535856225.
3, 5, 2521, 8123
List the prime factors of 797228773